y 58?
54
What is the remainder when 70 is divided by 37?
33
Calculate the remainder when 3069 is divided by 440.
429
Calculate the remainder when 734 is divided by 3.
2
Calculate the remainder when 18 is divided by 6.
0
Calculate the remainder when 51 is divided by 45.
6
What is the remainder when 308 is divided by 31?
29
What is the remainder when 321 is divided by 27?
24
What is the remainder when 610 is divided by 48?
34
What is the remainder when 212 is divided by 84?
44
What is the remainder when 2747 is divided by 1373?
1
Calculate the remainder when 114 is divided by 4.
2
What is the remainder when 55 is divided by 30?
25
What is the remainder when 292 is divided by 7?
5
What is the remainder when 634 is divided by 151?
30
Calculate the remainder when 6415 is divided by 15.
10
Calculate the remainder when 313 is divided by 21.
19
Calculate the remainder when 397 is divided by 50.
47
What is the remainder when 1947 is divided by 323?
9
What is the remainder when 67 is divided by 41?
26
Calculate the remainder when 119 is divided by 3.
2
Calculate the remainder when 48 is divided by 7.
6
Calculate the remainder when 1567 is divided by 49.
48
Calculate the remainder when 54 is divided by 3.
0
What is the remainder when 421 is divided by 53?
50
What is the remainder when 331 is divided by 42?
37
What is the remainder when 227 is divided by 165?
62
What is the remainder when 50 is divided by 13?
11
What is the remainder when 4870 is divided by 28?
26
Calculate the remainder when 86 is divided by 9.
5
Calculate the remainder when 306 is divided by 150.
6
Calculate the remainder when 74 is divided by 44.
30
Calculate the remainder when 1400 is divided by 348.
8
Calculate the remainder when 35 is divided by 1.
0
Calculate the remainder when 72 is divided by 62.
10
Calculate the remainder when 467 is divided by 13.
12
What is the remainder when 130 is divided by 15?
10
What is the remainder when 257 is divided by 132?
125
Calculate the remainder when 233 is divided by 30.
23
Calculate the remainder when 17729 is divided by 30.
29
Calculate the remainder when 139 is divided by 126.
13
Calculate the remainder when 9686 is divided by 45.
11
What is the remainder when 691 is divided by 33?
31
What is the remainder when 6 is divided by 3?
0
What is the remainder when 1412 is divided by 1405?
7
Calculate the remainder when 297 is divided by 2.
1
Calculate the remainder when 767 is divided by 45.
2
Calculate the remainder when 14060 is divided by 327.
326
Calculate the remainder when 298 is divided by 58.
8
Calculate the remainder when 885 is divided by 300.
285
Calculate the remainder when 262 is divided by 82.
16
What is the remainder when 529 is divided by 521?
8
Calculate the remainder when 731 is divided by 136.
51
Calculate the remainder when 3462 is divided by 33.
30
What is the remainder when 49 is divided by 36?
13
Calculate the remainder when 137 is divided by 37.
26
What is the remainder when 283 is divided by 74?
61
What is the remainder when 766 is divided by 228?
82
What is the remainder when 159 is divided by 73?
13
What is the remainder when 2050 is divided by 171?
169
What is the remainder when 488 is divided by 47?
18
What is the remainder when 6547 is divided by 177?
175
Calculate the remainder when 75 is divided by 13.
10
What is the remainder when 449 is divided by 121?
86
What is the remainder when 1761 is divided by 28?
25
What is the remainder when 1120 is divided by 34?
32
What is the remainder when 133 is divided by 39?
16
What is the remainder when 372 is divided by 186?
0
What is the remainder when 138 is divided by 21?
12
Calculate the remainder when 489 is divided by 147.
48
Calculate the remainder when 363 is divided by 14.
13
What is the remainder when 16637 is divided by 94?
93
What is the remainder when 308 is divided by 107?
94
What is the remainder when 1296 is divided by 15?
6
Calculate the remainder when 1192 is divided by 9.
4
Calculate the remainder when 314 is divided by 79.
77
Calculate the remainder when 4 is divided by 2.
0
Calculate the remainder when 5999 is divided by 231.
224
Calculate the remainder when 2859 is divided by 18.
15
What is the remainder when 742 is divided by 12?
10
What is the remainder when 1237 is divided by 113?
107
Calculate the remainder when 356 is divided by 90.
86
What is the remainder when 639 is divided by 92?
87
What is the remainder when 277 is divided by 91?
4
Calculate the remainder when 629 is divided by 42.
41
Calculate the remainder when 10898 is divided by 63.
62
What is the remainder when 135 is divided by 73?
62
What is the remainder when 129 is divided by 13?
12
Calculate the remainder when 702 is divided by 61.
31
Calculate the remainder when 37 is divided by 2.
1
Calculate the remainder when 113 is divided by 24.
17
Calculate the remainder when 348 is divided by 88.
84
What is the remainder when 9319 is divided by 20?
19
Calculate the remainder when 858 is divided by 43.
41
Calculate the remainder when 555 is divided by 18.
15
What is the remainder when 5676 is divided by 1891?
3
What is the remainder when 226 is divided by 10?
6
What is the remainder when 115 is divided by 5?
0
Calculate the remainder when 991 is divided by 199.
195
What is the remainder when 590 is divided by 7?
2
Calculate the remainder when 2396 is divided by 415.
321
Calculate the remainder when 333 is divided by 29.
14
Calculate the remainder when 90 is divided by 26.
12
Calculate the remainder when 1188 is divided by 14.
12
What is the remainder when 217 is divided by 41?
12
Calculate the remainder when 78 is divided by 5.
3
What is the remainder when 896 is divided by 423?
50
What is the remainder when 171 is divided by 63?
45
Calculate the remainder when 46 is divided by 13.
7
What is the remainder when 13705 is divided by 28?
13
Calculate the remainder when 3613 is divided by 902.
5
Calculate the remainder when 38 is divided by 7.
3
What is the remainder when 1070 is divided by 9?
8
Calculate the remainder when 105 is divided by 55.
50
What is the remainder when 18 is divided by 7?
4
Calculate the remainder when 245 is divided by 126.
119
Calculate the remainder when 1038 is divided by 65.
63
What is the remainder when 389 is divided by 129?
2
What is the remainder when 508 is divided by 128?
124
Calculate the remainder when 88 is divided by 20.
8
What is the remainder when 1176 is divided by 46?
26
Calculate the remainder when 200 is divided by 54.
38
What is the remainder when 386 is divided by 125?
11
Calculate the remainder when 496 is divided by 6.
4
What is the remainder when 229 is divided by 165?
64
What is the remainder when 4000 is divided by 35?
10
What is the remainder when 103 is divided by 13?
12
Calculate the remainder when 1579 is divided by 2.
1
What is the remainder when 527 is divided by 38?
33
What is the remainder when 22384 is divided by 7458?
10
Calculate the remainder when 158 is divided by 9.
5
What is the remainder when 1559 is divided by 9?
2
What is the remainder when 528 is divided by 13?
8
Calculate the remainder when 581 is divided by 97.
96
What is the remainder when 3145 is divided by 67?
63
Calculate the remainder when 1176 is divided by 31.
29
What is the remainder when 156 is divided by 37?
8
What is the remainder when 1808 is divided by 231?
191
What is the remainder when 1314 is divided by 28?
26
What is the remainder when 85 is divided by 84?
1
Calculate the remainder when 1904 is divided by 159.
155
What is the remainder when 133 is divided by 84?
49
What is the remainder when 179 is divided by 5?
4
What is the remainder when 192 is divided by 36?
12
Calculate the remainder when 250 is divided by 9.
7
What is the remainder when 150 is divided by 19?
17
Calculate the remainder when 3404 is divided by 75.
29
What is the remainder when 19146 is divided by 39?
36
What is the remainder when 544 is divided by 180?
4
Calculate the remainder when 230 is divided by 80.
70
What is the remainder when 173 is divided by 8?
5
What is the remainder when 227 is divided by 21?
17
Calculate the remainder when 316 is divided by 2.
0
What is the remainder when 654 is divided by 45?
24
What is the remainder when 450 is divided by 63?
9
Calculate the remainder when 14